
36
Calculate -3281 - -3182 - (0 - 48).
-51
Calculate 2538 - 2558 - (6 + (-3 - -3)).
-26
-91 + -94 + 162 - 13
-36
Calculate 40 + (-7 - -1 - (121 - 126)).
39
What is -5 + 66 + -27 + 26 + -82?
-22
What is the value of -7 - (-3 - -39) - 10?
-53
What is the value of 0 - -39 - (-138 - -170)?
7
What is the value of -89 - (-156 + -37) - 185?
-81
Calculate -109 - -53 - -8 - 82.
-130
What is the value of -22 + (62 + 35 + 70 - (17 + -1))?
129
Evaluate -93 + (169 - 60) - -120.
136
What is -2896 + 2926 + 1 + -20?
11
What is the value of 1 + 0 + 11 + 1251 + -1306?
-43
Evaluate -8 + 30 - (6 + (4 - 44)).
56
Evaluate (-75 - (-3 + 8)) + (-140 - -141).
-79
What is the value of -54 - (-51 - (243 + -112))?
128
Calculate -9 + (-12 - (-12 - (6 - 10))) - -2.
-11
What is -22 + 1 + -1 + (73 - 70 - (35 + -22))?
-32
Evaluate 91 + -70 - 1 - 109.
-89
Evaluate -3 + -3 + -110 + 193 + -124.
-47
-79169 + 79187 - (-1 - 80 - -1)
98
(4 - 13 - 0 - -4) + (-25 - (18 - 1))
-47
Evaluate (9 - (20 + (-43 - -20))) + (21 - -21).
54
What is the value of -9 + 64 - (2 + -2 - (0 - 2))?
53
-41 + 12 + (-29 + 17 - 17)
-58
Evaluate -19 + 20 - 6 - (1 + (2 - 7)).
-1
Evaluate 0 - ((-10 - -10 - 16) + 20) - -11.
7
Calculate 22 - (36 + -5) - (0 - -4) - 5.
-18
Evaluate 0 + (3 - -35) - (-459 + 452).
45
What is the value of 40 - (64 + 27 + -15)?
-36
Evaluate (-17 + 2 - -32 - 9) + -18 + -70.
-80
Evaluate -1382 + 1380 + (5 - (103 + 4)) + 0.
-104
What is (-96 - (-38 + 35)) + -72 + 25?
-140
Calculate (0 + -2 - (56 - 1)) + (-41 - (71 - 115)).
-54
161 - (20 - 116 - -224)
33
What is the value of -92 - (17 - (23 + -22) - 29)?
-79
Calculate (-39 - 1) + (2623 - 2607).
-24
Calculate 6 - (31 + 3 + -25 + 16).
-19
What is the value of 55 - (-100 + (29 - -17))?
109
What is the value of (6214 - 6236) + 93 + 1?
72
What is the value of -26 + (25 - 9 - 3) + -17?
-30
What is the value of -13 + (51 + (36 + -7 - 18) - 17)?
32
What is (29 - (-2 - -17)) + 20 + -85 + 14?
-37
What is the value of -2 + 2 + 2 + 1 + (-68 + 2 - 5)?
-68
Calculate (1 - 14 - 5) + 3 - 45 - 9.
-69
-34 + 43 + (-4 - (-4 - 0) - (21 + 1))
-13
(-160 + 172 - (1 - -20)) + (-1 - (0 - -27))
-37
What is the value of (-73 - -106 - 45) + (2 - 30)?
-40
Evaluate -33 + 24 + (-2 - -5 - -58).
52
Calculate -12 - ((-7 + 20 - -10) + -26).
-9
Evaluate 3 + (1 - -2) + (49 - (2 + 41)).
12
What is -48 - 0 - (-2738 - -2710)?
-20
What is (-26 - (84 + -45 - 206)) + 1 + 4 + 0?
146
What is the value of 228 + -156 - 204 - (-29 - 0)?
-103
What is -2 + (1 + -4 - -6) + -12380 + 12358?
-21
What is -74 + 17 + (-1 - -32) - -54?
28
Evaluate -11 - -13 - (7 + (-3 - (-5 - 0)) - -14).
-21
Evaluate (-16 - -6) + ((-2 - 11) + (8 - 1) - 20).
-36
Calculate -291 + -126 + (339 - 62).
-140
(-9 + 4 - -5) + 13 + (-7 - 9) + 10
7
What is the value of (-1 - 34) + -3 + 7 + 5 + 4 + -9?
-31
Evaluate 8 + -9 + -56 + 53.
-4
(156 - 170) + 10 + -2
-6
Evaluate 4 - -73 - (-26 - (-43 + -1 - -8)).
67
2 + -3 - -7 - (28 + (29 - 52)) - 136
-135
What is the value of (1 - (4 - 0)) + (-1 - 0) + (-1520 - -1574)?
50
Calculate 0 + 5 + -2 - (11 - ((-31 - -9) + 37)).
7
What is the value of 24 - 15 - (6 - 0 - 0) - -44?
47
What is -3 + -1 + (11 - 9) + 2 - (-459 - -490)?
-31
(16 + 3 - (177 - 165)) + (2 - 77)
-68
What is (-74 - -46) + 62 - 42?
-8
(9 - 18) + -3 + 25 + (-75 - -74)
12
Evaluate 61 + -43 - (-21 + 15 + (-6 - (-5 - -3))).
28
What is 15 + 17 + (5 - 3)?
34
Evaluate -23 + 0 + 24 + 10 + -9.
2
What is the value of -17 - 0 - ((-17 - -68) + -34 + -4)?
-30
-13 + (-1 + 8 - 60) + -207 + 189
-84
What is the value of (18 - (-90 + 6)) + -1 - (-1 - -4 - 0)?
98
What is the value of 11 - -1 - (-21 - (-22 + 17 + -24 - 0))?
4
(5 - 4 - (-7 - -9 - 6)) + (100 - 126)
-21
(-129 - -100 - (-48 + 5)) + -3 + -139
-128
3 + -4 + 37 + 0 - (-1290 + 1278)
48
Calculate 0 - 77 - (283 - 402).
42
2 - ((6 - (-35 + -32)) + -17)
-54
What is (157 - (132 + -64)) + -112?
-23
What is the value of (3 - (7 - 2)) + -35 - (679 - 688)?
-28
What is the value of (-6 - -1) + 11 + (6 - 8) + (11 - 129)?
-114
(-7 - (-3 + 4)) + (12 - 37) + 20
-13
Evaluate -26 + (8 + 5 + -14 - 12).
-39
Evaluate -2 + 417 + -423 + 1 + 0 + 3.
-4
-149 - -108 - (-87 - -31)
15
What is the value of (29 - 17 - ((-10 - -21) + -46)) + -11?
36
What is (31 - 10 - 39) + (12 - -1) - 74?
-79
What is the value of 25 + (6 - (18 + -8 + -24 - -13))?
32
Evaluate -17 - 4 - -57 - (11 - -110).
-85
(-87 - -3 - -51) + 61
28
What is 41 - (42 + -5 + -73)?
77
Evaluate -36 - 1 - (429 - 448).
-18
-21 + -11 + (8 - 15) + -30
-69
What is the value of -4 + 0 + -19 + -95 + 10 + 67?
-41
What is (-12 - 4 - (2 - -6)) + (31 - (-7 - -26))?
-12
What is 57 + (42 - (32 + -51) - 39)?
79
What is the value of 2 + (-38 - -84) + 35 + (-2 - -10)?
91
Calculate (46 - (106 - 118)) + -61.
-3
Evaluate (-1 - 16 - (-59 + 118 + -70)) + 3.
-3
Calculate (-11 - 2 - 6) + 4 + -1 + -14.
-30
What is the value of -11 - (39 + 36 + -44)?
-42
What is the value of (8 - -1) + -8 + 334 + -228?
107
20 + -30 + 6 + (2 - 14) + 40
24
What is -9 - (20 + 0 + (-34 + 33 - -9))?
-37
What is -105 - (-65 - (130 - 148))?
-58
What is the value of (44 - (-22 - -15 - 19)) + -3 + 7?
74
What is 66 + -141 + -15 - -25?
-65
Evaluate 1 + (-141 - 2) + 1017 + -991.
-116
59 - 23 - 119 - (-6 - -4 - 17)
-64
Calculate 47 + -1 - (-37 + (-34 - -59 - -31)).
27
77 - (49 - -25) - (-19 - 0)
22
What is the value of (42 - 76 - 31) + 121?
56
What is 0 - (-3 - (8 - (25 + -10)) - (-7 - -95))?
84
Calculate (35 - (127 - 47)) + (11 - -1).
-33
Calculate -23 - ((-1 - (10 + -19)) + -49).
18
Calculate 15131 + -15155 - (2 + 30 - -2).
-58
-2 + (3 - (7 - 5)) - -17
16
What is the value of 76 + -1 + 56 + -59 + 31 + -40?
63
Calculate (-4 - -8 - (42 + -50)) + -17 + 3.
-2
-10 + (-1 - 0) - (81 + -139)
47
What is -6 + -7 - (85 - 85 - (0 - -32))?
19
Evaluate 25 + (-4 - 0) - (-20 + (37 - (32 + -1))).
35
What is 19 - (84 - 244) - 74?
105
Evaluate 4 - (-53 - -21 - -22).
14
What is the value of (210 - 184) + -7 + 2 + -52?
-31
What is 4 + -20 + (9 - 8) - (-8 - -8)?
-15
What is the value of 11 - (-31 - (-22 + -42)) - (1 + 1)?
-24
Evaluate -5 - 1 - (-6 + -11 + -5 + -84 + 19).
81
What is the value of 6 + (10 - 0) - (13 + (11 - 13))?
5
Calculate -9 + (-5 - -3) + (-9 - 3) + 7.
-16
Calculate (25 + -14 - -8) + -12 + 12.
19
What is the value of (-1 - 17 - (-74 + 64)) + 5 + (5 - -20)?
22
Evaluate 477 - 574 - (-45 - 22).
-30
What is the value of 1 + -59 + -1 - (51 - (-9 + (-25 - -74)))?
-70
What is -7 + (8 - (4 - -5)) + (15 - -11) - 2?
16
Evaluate 59 + (7 + 5 - 7) - 15 - -10.
59
Calculate 4990 + -5041 - (0 + 18).
-69
Calculate -17 - 2 - (476 + -463).
-32
Calculate 0 + -1 - (-38 - (-16 + -21)) - 53.
-53
What is 2 + (32 - -7 - 12) + -19?
10
What is -43 + 0 + (31 - (23 - 7)) + -1?
-29
Evaluate 88 + 2 - (185 + -165) - (11 - -2).
57
What is the value of 4 - (-10 + 27 - (11 + 5 + -7) - 31)?
27
What is 0 - ((1 + 10 - (57 + (-32 - 18))) + 54)?
-58
What is -41 + (69 - (-35 + 96))?
-33
Calculate 12 + (-116 - ((7 - (-29 - -15)) + -3)).
-122
Calculate -13 + 2 + (-3 - (-19 - (0 + -8)) - -14).
11
What is (0 - -40) + (-25302 - -25238)?
-24
Calculate 27 + (13 - 13) + -39 + 46.
34
What is the value of (-1 + -18 - -7) + -27 - 31?
-70
Evaluate (16 - 24) + (-7 - 0) + 49.
34
What is the value of -20 - (-21 + -12 + 32) - 30?
-49
Calculate -3 + -6 + 0 + 32.
23
What is 114 + -88 + -10 + 0 + 0?
16
What is 22 + (0 - 19) + (14 - 67)?
-50
(38 + -24 - -15 - 26) + -21 + (-5 - -4)
-19
Calculate -354 + 297 - (-10 + 4).
-51
What is the value of -538 - -475 - (3 - (16 + (0 - -2)))?
-48
What is the value of 6 + (-5 - 63) - (275 + -294)?
-43
(4 - (1 + -1) - 37) + -5 + -28 + 26
-40
What is 16 - ((-36 - -49) + 31)?
-28
What is the value of (17 - 24) + 14 + 2 + -8 + -74?
-73
Calculate (13 + -31 - -26) + -39 + -28.
-59
What is the value of -16 - (-10 + (-8 - -15 - -48))?
-61
Calculate -4 + -12 + 4 + 12 + -12.
-12
What is -6 + 15 - (0 - -6) - (34 + -2 - 2)?
-27
What is 7 + (-4 - 18) - 79 - (-45 + 45)?
-94
What is the value of (8 + -11 - 14) + 24 - (5 - (-5 + -11))?
-14
What is 68 + (-25 - ((42 - 11) + -84))?
96
What is the value of -21 - (13 + -8 + (3 - -8 - 26))?
-11
16 + 13 + -75 + (15 - (19 + -5))
-45
Evaluate (-24 - 23) + -118 + 116.
-49
What is the value of -2 - -6 - ((-98 - -94) + -5)?
13
Evaluate 24 + -13 + -11 + (111 - 93).
18
What is the value of (-8 - -13 - 27) +